{"id":2193,"date":"2014-06-10T12:41:11","date_gmt":"2014-06-10T10:41:11","guid":{"rendered":"https:\/\/kalkmagerrasen.sawah.mobi\/?page_id=2193"},"modified":"2014-06-10T13:26:15","modified_gmt":"2014-06-10T11:26:15","slug":"ein-platz-an-der-sonne-lichtungen-im-wald","status":"publish","type":"page","link":"https:\/\/kalkmagerrasen.sawah.mobi\/?page_id=2193","title":{"rendered":"Ein Platz an der Sonne"},"content":{"rendered":"<p>Im schattigen Wald gibt es l\u00e4ngs des Weges immer wieder kleinere Lichtungen, auf denen die Sonnenstrahlen den Boden erreichen. Hier ist es ausreichend hell, so dass sich Arten des Offenlandes und der S\u00e4ume ansiedeln k\u00f6nnen. Die Vorkommen von Wei\u00dfdorn, Schlehe und Heckenrose sowie Hornklee oder Wirbeldost sind Anzeiger daf\u00fcr, dass sich in diesem Bereich vor nicht allzu langer Zeit magere Weiden befunden haben.<\/p>\n<p>Die lichten Flecken im Wald sind auch f\u00fcr Arten des Waldes und der Waldr\u00e4nder von gro\u00dfer Attraktivit\u00e4t. F\u00fcr manche wirbellosen Tiere stellen die Sonnenflecken bevorzugte Rendezvouspl\u00e4tze dar. So zum Beispiel f\u00fcr das Waldbrettspiel, das solche Stellen gerne zur Paarfindung nutzt. Andere Schmetterlinge wie Kaisermantel oder Schillerfalter suchen gerne die Bl\u00fcten auf, bieten sie ihnen doch den begehrten Nektar.<\/p>","protected":false},"excerpt":{"rendered":"<p>Im schattigen Wald gibt es l\u00e4ngs des Weges immer wieder kleinere Lichtungen, auf denen die Sonnenstrahlen den Boden erreichen. Hier ist es ausreichend hell, so dass sich Arten des Offenlandes und der S\u00e4ume ansiedeln k\u00f6nnen. Die Vorkommen von Wei\u00dfdorn, Schlehe und Heckenrose sowie Hornklee oder Wirbeldost sind Anzeiger daf\u00fcr, dass sich in diesem Bereich vor [&hellip;]<\/p>\n","protected":false},"author":1,"featured_media":2065,"parent":0,"menu_order":0,"comment_status":"open","ping_status":"open","template":"","meta":{"ngg_post_thumbnail":0},"_links":{"self":[{"href":"https:\/\/kalkmagerrasen.sawah.mobi\/index.php?rest_route=\/wp\/v2\/pages\/2193"}],"collection":[{"href":"https:\/\/kalkmagerrasen.sawah.mobi\/index.php?rest_route=\/wp\/v2\/pages"}],"about":[{"href":"https:\/\/kalkmagerrasen.sawah.mobi\/index.php?rest_route=\/wp\/v2\/types\/page"}],"author":[{"embeddable":true,"href":"https:\/\/kalkmagerrasen.sawah.mobi\/index.php?rest_route=\/wp\/v2\/users\/1"}],"replies":[{"embeddable":true,"href":"https:\/\/kalkmagerrasen.sawah.mobi\/index.php?rest_route=%2Fwp%2Fv2%2Fcomments&post=2193"}],"version-history":[{"count":4,"href":"https:\/\/kalkmagerrasen.sawah.mobi\/index.php?rest_route=\/wp\/v2\/pages\/2193\/revisions"}],"predecessor-version":[{"id":2202,"href":"https:\/\/kalkmagerrasen.sawah.mobi\/index.php?rest_route=\/wp\/v2\/pages\/2193\/revisions\/2202"}],"wp:featuredmedia":[{"embeddable":true,"href":"https:\/\/kalkmagerrasen.sawah.mobi\/index.php?rest_route=\/wp\/v2\/media\/2065"}],"wp:attachment":[{"href":"https:\/\/kalkmagerrasen.sawah.mobi\/index.php?rest_route=%2Fwp%2Fv2%2Fmedia&parent=2193"}],"curies":[{"name":"wp","href":"https:\/\/api.w.org\/{rel}","templated":true}]}}